ime?
True
Is 4961566 prime?
False
Is 16092497 a composite number?
False
Is 1941461 prime?
True
Is 26290309 composite?
True
Is 473609 composite?
True
Is 7505759 a prime number?
False
Is 65952995 composite?
True
Is 164194087 prime?
True
Is 5169943 a prime number?
True
Is 650077 prime?
False
Is 127775411 composite?
False
Is 230431 a prime number?
True
Is 12173741 prime?
True
Is 2035343 a composite number?
False
Is 2927303 a prime number?
True
Is 40057603 composite?
True
Is 2292974 a prime number?
False
Is 4326713 a composite number?
True
Is 1266313 prime?
False
Is 8464007 a prime number?
True
Is 445741631 composite?
False
Is 10009969 composite?
True
Is 755089 a prime number?
False
Is 47812307 a composite number?
True
Is 919141393 composite?
False
Is 41531631 composite?
True
Is 7176707 a prime number?
True
Is 27823573 composite?
True
Is 59840281 a prime number?
True
Is 225806699 composite?
True
Is 2054329 prime?
True
Is 10059107 prime?
True
Is 15689 a prime number?
False
Is 469961 composite?
True
Is 84803335 a prime number?
False
Is 8378803 a composite number?
False
Is 223588741 a composite number?
False
Is 610971407 prime?
True
Is 3796261 a composite number?
True
Is 3659651 composite?
False
Is 22351037 a prime number?
True
Is 68088649 a composite number?
True
Is 3774623 prime?
True
Is 2657641 prime?
False
Is 1105162 a composite number?
True
Is 927821 a composite number?
False
Is 52314373 composite?
True
Is 325607233 composite?
True
Is 11142181 composite?
False
Is 206165959 a prime number?
False
Is 1453147 a composite number?
True
Is 139192009 composite?
True
Is 38519849 composite?
True
Is 76819615 a composite number?
True
Is 6696689 composite?
True
Is 18400237 prime?
True
Is 1344029 composite?
False
Is 21134941 prime?
True
Is 177109421 prime?
True
Is 43534843 a prime number?
False
Is 1537493 a prime number?
False
Is 198187607 a composite number?
False
Is 88082161 prime?
False
Is 3037753 a prime number?
True
Is 25249441 a composite number?
True
Is 175276587 a prime number?
False
Is 26143781 a composite number?
False
Is 98105831 a composite number?
False
Is 4334203 a composite number?
True
Is 3533459 a prime number?
False
Is 3472619 prime?
True
Is 1618861 a prime number?
False
Is 12369143 a composite number?
False
Is 2838091 composite?
False
Is 7831417 a prime number?
False
Is 36601571 composite?
False
Is 20636801 prime?
True
Is 280901443 a composite number?
False
Is 370309109 a prime number?
True
Is 285558199 a composite number?
True
Is 4649339 a prime number?
True
Is 192228853 a composite number?
False
Is 6519935 a prime number?
False
Is 3695161 composite?
True
Is 157103 composite?
False
Is 5128813 composite?
True
Is 164816671 a composite number?
False
Is 585090889 composite?
False
Is 109171481 a composite number?
False
Is 70973057 a composite number?
True
Is 3536557 composite?
True
Is 421980659 prime?
False
Is 515501041 prime?
False
Is 8364713 a composite number?
True
Is 64379399 composite?
True
Is 825018307 composite?
True
Is 176372753 a composite number?
False
Is 94835591 a prime number?
True
Is 7385887 a composite number?
True
Is 3035819 prime?
True
Is 13642283 a prime number?
True
Is 49788829 prime?
False
Is 279530653 a composite number?
True
Is 84628477 composite?
True
Is 2522389 a prime number?
False
Is 9365467 a composite number?
False
Is 64068803 a prime number?
True
Is 728207 a composite number?
False
Is 6736759 a prime number?
True
Is 3199649 a prime number?
False
Is 20159177 composite?
False
Is 3729569 composite?
False
Is 398974999 composite?
True
Is 9971917 composite?
False
Is 117569177 prime?
False
Is 69994073 composite?
False
Is 48270382 a composite number?
True
Is 230431301 composite?
True
Is 5596138 prime?
False
Is 8577509 a prime number?
False
Is 8158709 a composite number?
True
Is 299800657 composite?
True
Is 144821 composite?
True
Is 880018 composite?
True
Is 494519 composite?
False
Is 6942563 prime?
True
Is 1695539 composite?
True
Is 23529602 a composite number?
True
Is 5039 prime?
True
Is 163242777 composite?
True
Is 5223151 composite?
True
Is 1128855017 prime?
True
Is 903359 a prime number?
True
Is 8193023 prime?
True
Is 140520605 a prime number?
False
Is 1199941 a prime number?
False
Is 714847 a composite number?
True
Is 20919109 prime?
True
Is 48597197 a composite number?
True
Is 1429667 a prime number?
False
Is 47887291 prime?
False
Is 1471051 composite?
True
Is 21560789 prime?
True
Is 1883837 a composite number?
True
Is 918461 a composite number?
True
Is 2385121 composite?
False
Is 16647443 a composite number?
False
Is 29411 prime?
True
Is 63388081 prime?
True
Is 117823177 prime?
False
Is 865531 a composite number?
True
Is 19064909 a prime number?
True
Is 15719599 a composite number?
True
Is 3372013 composite?
False
Is 8791933 composite?
False
Is 6643181 a composite number?
False
Is 47959403 composite?
False
Is 465523 prime?
True
Is 47251 a composite number?
False
Is 17366317 a composite number?
False
Is 39245309 a composite number?
False
Is 24764539 prime?
True
Is 1975367 prime?
True
Is 448581781 composite?
False
Is 499823 a prime number?
False
Is 197428961 composite?
False
Is 5526407 a prime number?
True
Is 1483003 prime?
True
Is 18092441 prime?
False
Is 6746147 prime?
True
Is 950809 a prime number?
True
Is 8865739 a prime number?
False
Is 4600279 a prime number?
True
Is 7380407 a prime number?
False
Is 47166023 a composite number?
False
Is 1987789 a composite number?
False
Is 303139 prime?
True
Is 7458691 composite?
True
Is 42440995 composite?
True
Is 5033099 a prime number?
True
Is 803651 a composite number?
False
Is 19483223 composite?
False
Is 975017 a prime number?
True
Is 5213717 prime?
True
Is 23618611 composite?
True
Is 9352569 composite?
True
Is 3458891 a composite number?
False
Is 27635687 a prime number?
True
Is 29796203 composite?
False
Is 181610387 a prime number?
False
Is 23958119 a prime number?
True
Is 13823643 composite?
True
Is 43127167 a prime number?
True
Is 2737013 prime?
True
Is 70169351 a prime number?
False
Is 3756419 prime?
False
Is 54538637 a composite number?
False
Is 5805517 a prime number?
False
Is 559985 prime?
False
Is 144335563 prime?
False
Is 236103851 a composite number?
False
Is 218316113 prime?
False
Is 456700067 a prime number?
True
Is 2594209 a prime number?
True
Is 96995201 composite?
False
Is 119872009 a prime number?
False
Is 52895954 composite?
True
Is 1893029 composite?
False
Is 10888453 a prime number?
False
Is 35305007 a prime number?
True
Is 3520429 prime?
False
Is 19271173 a composite number?
False
Is 6258137 composite?
False
Is 5306374 a prime number?
False
Is 24482701 composite?
True
Is 14200393 a prime number?
True
Is 12942887 composite?
True
Is 15740327 prime?
False
Is 2938699 composite?
True
Is 1745428277 prime?
False
Is 1457702 a prime number?
False
Is 34154053 a prime number?
False
Is 15070117 a composite number?
True
Is 123944719 prime?
True
Is 1715561 composite?
False
Is 50219639 composite?
False
Is 1590223 a prime number?
False
Is 207285583 a prime number?
True
Is 135739 prime?
False
Is 10469591 prime?
False
Is 13701041 composite?
True
Is 19709057 a composite number?
True
Is 286643419 composite?
False
Is 738149 a prime number?
False
Is 2335009 composite?
False
Is 242147 composite?
False
Is 1471781 prime?
False
Is 116483 composite?
False
Is 1308421 a composite number?
False
Is 161880673 a composite number?
False
Is 57035813 composite?
False
Is 40743103 a prime number?
False
Is 1204889 prime?
False
Is 942749 a composite number?
False
Is 80722333 a composite number?
True
Is 99051067 a composite number?
False
Is 102338711 a composite number?
False
Is 523521451 a prime number?
False
Is 430816327 prime?
False
Is 1067893 prime?
True
Is 9229981 a prime number?
False
Is 49521991 a composite number?
False
Is 4105131 prime?
False
Is 5142623 prime?
True
Is 193343599 a prime number?
False
Is 854167 a prime number?
False
Is 9164143 composite?
True
Is 4081073 composite?
False
Is 9306571 a composite number?
False
Is 41148383 composite?
False
Is 1403681 a prime number?
True
Is 16179277 a prime number?
True
Is 90768809 prime?
False
Is 20873627 a composite number?
True
Is 5431037 a composite number?
False
Is 7436939 composite?
True
Is 2705509 composite?
False
Is 22740427 a pr